. Give v(6).
26
Let f(n) = -n**2 + 14*n + 45. Calculate f(18).
-27
Let n(s) = -2*s**3 + 28*s**2 + 29*s + 25. Determine n(15).
10
Let z(q) = q**2 - 20*q + 58. Calculate z(16).
-6
Let k(l) = l**3 - 7*l**2 + 6*l + 7. What is k(6)?
7
Let w(n) = n**2 + 14*n + 7. Determine w(-7).
-42
Let o(y) = 50*y - 350. Give o(7).
0
Let a(o) = -2*o - 7. Give a(-5).
3
Let p(c) = 8*c**2 + 4*c + 11. Determine p(-2).
35
Let j(v) = -2*v**2 + 3*v + 14. Give j(7).
-63
Let c(l) = 199*l - 1386. Give c(7).
7
Let z(w) = w**3 - 8*w**2 - 7*w - 12. Determine z(9).
6
Let z(n) = -2*n**3 + 38*n**2 + 5*n - 82. Calculate z(19).
13
Let q(o) = -11*o + 65. Calculate q(8).
-23
Let m(s) = 3*s**2 + 19*s + 19. Determine m(-5).
-1
Let r(m) = m**3 + 6*m**2 + 2*m - 6. Give r(-5).
9
Let g(n) = 7*n + 42. Calculate g(-4).
14
Let v(d) = -d**2 - 2*d + 7. Calculate v(3).
-8
Let d(o) = -o**2 - 48*o + 329. Determine d(-54).
5
Let o(i) = -i**3 - 3*i**2 - 4*i - 3. Give o(-2).
1
Let j(s) = -4*s**2 + 5*s - 1. What is j(-4)?
-85
Let o(x) = 6*x - 19. What is o(11)?
47
Let j(a) = -3*a - 12. What is j(4)?
-24
Let o(a) = a**2 - 8*a - 19. Give o(11).
14
Let f(h) = -h**2 - 7*h + 37. Calculate f(-6).
43
Let m(j) = -j**2 - 7*j + 11. Determine m(6).
-67
Let i(r) = -r**3 - r**2 + 7*r - 2. Calculate i(-3).
-5
Let d(s) = 4*s + 2. Determine d(-8).
-30
Let t(n) = 2*n**3 - 47*n**2 + 19*n + 85. Give t(23).
-7
Let c(y) = -y**3 - 24*y**2 + 83*y + 52. Calculate c(-27).
-2
Let b(t) = -t**2 - 13*t + 80. Give b(8).
-88
Let d(h) = 41*h + 5. What is d(1)?
46
Let f(c) = -c**3 + 3*c**2 - 3*c + 19. Determine f(3).
10
Let u(o) = -4*o + 2. What is u(2)?
-6
Let r(p) = 4*p + 59. Give r(-17).
-9
Let o(s) = s**3 - 5*s**2 + 6*s - 5. Calculate o(3).
-5
Let n(u) = -3*u**2 - 14*u + 12. Determine n(-5).
7
Let c(g) = g**2 - 6*g - 10. What is c(9)?
17
Let j(s) = 6*s**2 - 2*s - 2. What is j(2)?
18
Let i(y) = -y**2 - 19*y - 17. What is i(-17)?
17
Let u(i) = -i**2 - 1. Determine u(-2).
-5
Let p(j) = -3*j + 11. Calculate p(10).
-19
Let q(u) = -2*u**2 - 5*u + 3. Give q(-4).
-9
Let g(k) = -k**3 + 5*k**2 + 4*k - 5. What is g(7)?
-75
Let o(f) = 2*f**2 + 13*f - 4. Determine o(-6).
-10
Let b(y) = y**3 - 9*y**2 + 10*y - 8. Determine b(8).
8
Let o(l) = -4*l - 3. What is o(1)?
-7
Let u(m) = -m**3 + 3*m**2 - 2*m - 4. Give u(5).
-64
Let u(i) = -i**2 + 12*i + 19. Calculate u(13).
6
Let u(p) = -p**2 - 3*p + 3. Calculate u(-3).
3
Let m(j) = -j**3 - 11*j**2 - 12*j - 6. Give m(-9).
-60
Let r(p) = 26*p**2 + 11*p - 4. What is r(1)?
33
Let l(o) = o - 12. What is l(4)?
-8
Let d(i) = -i**3 + 3*i**2 + 4*i - 7. Determine d(4).
-7
Let w(s) = 8*s + 8. Give w(-7).
-48
Let u(v) = -4*v + 2. Calculate u(3).
-10
Let r(c) = -2*c - 43. Determine r(-15).
-13
Let z(x) = x**2 + 8*x - 4. Give z(-8).
-4
Let q(w) = -w**2 - 30*w - 87. Calculate q(-27).
-6
Let s(l) = l**2 + 7*l - 11. What is s(-7)?
-11
Let x(v) = -v**3 + 3*v**2 + 4*v - 5. Determine x(4).
-5
Let y(j) = -j - 1. Calculate y(-9).
8
Let j(u) = u**2 - 10. What is j(0)?
-10
Let p(i) = -i**3 - 7*i**2 + 11*i + 13. Give p(-9).
76
Let i(x) = -x**2 - 7*x - 9. What is i(-7)?
-9
Let y(t) = -t**3 + 3*t**2 + 2*t + 2. Give y(3).
8
Let w(c) = -2*c**2 + 8*c + 2. Determine w(5).
-8
Let f(i) = -3*i + 18. Calculate f(7).
-3
Let x(m) = 2*m**2 + 13*m - 6. Calculate x(4).
78
Let r(f) = -2*f**2 + 16*f - 37. Give r(3).
-7
Let h(m) = m**2 - 8*m + 15. Give h(6).
3
Let d(r) = r**2 + 32*r - 196. Determine d(-37).
-11
Let i(n) = -n**3 + n**2 + 7*n + 1. Give i(-3).
16
Let d(w) = w**3 + 8*w**2 + 6*w - 7. What is d(-7)?
0
Let f(c) = c**3 + 10*c**2 - 54*c - 2. Give f(4).
6
Let s(x) = -3*x + 137. What is s(43)?
8
Let y(v) = 7*v - 224. Calculate y(31).
-7
Let k(a) = -3*a + 19. What is k(7)?
-2
Let q(j) = -16*j - 114. Give q(-7).
-2
Let n(u) = -2*u**3 + 3*u**2 + 6*u - 6. Calculate n(4).
-62
Let w(x) = x**2 - 15*x - 21. Determine w(16).
-5
Let f(t) = -3*t**2 + 10*t - 3. Give f(5).
-28
Let h(r) = -r**3 + r**2 - 2*r - 6. Calculate h(0).
-6
Let o(c) = 5*c**2 + 43*c - 17. Give o(-9).
1
Let m(r) = -r**2 + 2*r + 27. What is m(8)?
-21
Let x(z) = -z**3 - 21*z**2 - 37*z + 33. Calculate x(-19).
14
Let y(q) = q**3 + 8*q**2 - 36*q - 24. Determine y(-11).
9
Let j(u) = -u**3 - 6*u**2 + 16*u - 1. Calculate j(-8).
-1
Let i(b) = 20*b**2 - 2*b - 1. Determine i(-2).
83
Let v(j) = 3*j - 2. Give v(-2).
-8
Let g(u) = u**2 - 2*u - 2. Calculate g(3).
1
Let a(d) = -2*d**3 - 7*d**2 + 29*d + 95. Calculate a(-4).
-5
Let h(o) = -o**3 - 8*o**2 - 12*o - 3. Determine h(-6).
-3
Let w(c) = c**2 - 10*c - 17. Determine w(-2).
7
Let h(j) = j - 3. Give h(8).
5
Let s(d) = -7*d - 5. Determine s(0).
-5
Let v(d) = -2*d**3 - d**2 + d + 8. Give v(2).
-10
Let p(f) = -f**3 + 16*f**2 - 15*f + 1. Calculate p(15).
1
Let g(s) = s**2 + 41*s + 150. Give g(-38).
36
Let n(o) = -o**2 + 30*o + 74. Determine n(32).
10
Let x(r) = -r**2 - 4*r + 4. What is x(-6)?
-8
Let y(j) = -j**2 - 6*j + 10. Give y(-7).
3
Let r(f) = f**3 - 4*f**2 - 9*f - 9. Give r(-2).
-15
Let p(q) = 2*q + 6. Give p(-9).
-12
Let f(l) = l**3 + 13*l**2 + 11*l + 2. Determine f(-12).
14
Let c(u) = -u**2 - 2*u + 10. Give c(-4).
2
Let d(r) = -18*r + 86. What is d(5)?
-4
Let n(p) = -2*p**2 - 7*p + 11. Determine n(3).
-28
Let z(a) = a**2 + 3*a - 1. Calculate z(-4).
3
Let p(l) = 2*l + 2. Give p(0).
2
Let a(g) = -g**2 + 16*g - 15. Calculate a(16).
-15
Let g(k) = -k - 7. Determine g(-6).
-1
Let g(l) = 4*l**2 - 34*l + 13. Calculate g(9).
31
Let k(b) = -24*b + 12. Give k(0).
12
Let n(j) = 5*j - 50. Give n(8).
-10
Let u(d) = d**3 + 7*d**2 + d + 8. Give u(-7).
1
Let j(t) = -t + 1. Give j(3).
-2
Let u(z) = z**2 - 9*z - 3. Calculate u(4).
-23
Let n(r) = -3*r**2 + 16*r - 29. Give n(7).
-64
Let w(b) = b**2 + 24*b - 447. What is w(12)?
-15
Let u(i) = 8*i - 14. What is u(4)?
18
Let d(c) = -c**2 + 15*c - 38. Give d(11).
6
Let w(f) = 2*f**2 - f - 1. Determine w(0).
-1
Let j(q) = q**3 + 2*q**2 - 5*q - 1. Calculate j(4).
75
Let s(n) = n**3 - n**2 - n - 2. What is s(-3)?
-35
Let p(w) = w**3 - 13*w**2 + 3*w - 20. Calculate p(13).
19
Let a(w) = -w**3 - 13*w**2 - 3. Give a(-13).
-3
Let h(j) = -j**3 + 11*j**2 - 17*j + 1. Give h(9).
10
Let q(b) = -4*b**2 + 5*b - 2. Calculate q(3).
-23
Let p(w) = 2*w**3 + 22*w**2 + 12. Give p(-11).
12
Let a(y) = -y**3 + 12*y**2 + 12*y + 16. Give a(13).
3
Let t(g) = -g**2 - 93*g - 1041. What is t(-13)?
-1
Let x(c) = -9*c**2 + 4*c - 1. Determine x(1).
-6
Let j(m) = 2*m**2 + 8*m. Give j(6).
120
Let s(u) = -u**3 - 12*u**2 - u - 10. What is s(-12)?
2
Let i(g) = g**2 - 19*g + 64. Determine i(13).
-14
Let t(i) = -i**3 - 6*i**2 + 3*i + 19. Give t(-6).
1
Let o(w) = -2*w + 34. What is o(25)?
-16
Let q(d) = -d**2 + 7*d - 9. Give q(6).
-3
Let n(t) = t**2 - 5. Determine n(4).
11
Let v(t) = 2*t**2 + t + 1. Determine v(-1).
2
Let t(l) = l**2 - 14*l - 36. Calculate t(16).
-4
Let q(w) = -w**2 - 6*w + 12. What is q(-9)?
-15
Let v(z) = 5*z + 18. What is v(-3)?
3
Let w(d) = 9*d + 245. Give w(-28).
-7
Let c(g) = -g**3 - 6*g**2 - g - 6. Calculate c(-3).
-30
Let o(p) = -2*p - 4. What is o(5)?
-14
Let g(s) = -s**2 + 2*s - 9. Determine g(3).
-12
Let r(w) = -w**3 + 2*w - 1. Determine r(2).
-5
Let x(a) = a + 12. What is x(-12)?
0
Let i(l) = -9*l - 1. What is i(-3)?
26
Let b(j) = -33*j**2 - 4*j - 2. Determine b(-1).
-31
Let j(r) = 81*r - 479. Determine j(6).
7
Let z(u) = 5*u - 38. Determine z(9).
7
Let x(t) = -t**2 - 13*t - 24. Give x(-10).
6
Let c(k) = -4*k**2 - 16*k - 1. Determine c(-4).
-1
Let i(s) = -2*s**3 + 5*s**2 - 4*s. Give i(2).
-4
Let w(q) = q**3 + 6*q**2 + 6*q - 2. What is w(-5)?
-7
Let i(y) = 2*y**3 + 10*y**2 - 8*y - 8. Calculate i(-6).
-32
Let y(w) = -w - 29. Give y(-8).
-21
Let f(w) = 37*w + 66. What is f(-2)?
-8
Let m(y) = 8*y + 178. Determine m(-22).
2
Let f(d) = -d - 4. What is f(9)?
-13
Let w(g) = -g**3 + 13*g**2 - 13*g + 9. What is w(12)?
-3
Let t(o) = -o + 33. Calculate t(3).
30
Let l(f) = -f**2 - 7*f - 13. Calculate l(-8).
-21
Let z(q) = q + 3. What is z(-9)?
-6
Let t(c) = c**2 + 21*c + 20. What is t(-18)?
-34
Let v(x) = -x**3 - x**2 + 3*x - 5. Calculate v(-4).
31
Let b(p) = -p**2 - 5*p + 50. Calculate b(-10).
0
Let f(o) = -o**2 - 17*o - 49. Determine f(-8).
23
Let g(d) = -3*d - 2. Calculate g(-3).
7
Let u(f) = f**2 - 6*f. Give u(4).
-8
Let y(d) = -d**2 - 3*d - 4. Give y(3).
-22
Let z(b) = b**2 - 12*b + 9. What is z(12)?
9
Let s(j) = 2*j**2 - 31*j 